 163. Suppose -5*d - 57 + 20 = -4*w, -32 = -2*w - 2*d. What is the greatest common factor of w and j?
13
Suppose 7*x - 6 = 5*x. Suppose 20 = -0*p + 5*p. Suppose 0 = s - 4*j - 11, -p*s + 0*j + x*j + 96 = 0. Calculate the greatest common divisor of s and 9.
9
Suppose -180 = -5*c + 200. Suppose 59 = 5*b - c. Suppose -3*m = -0*m - b. What is the greatest common divisor of 99 and m?
9
Suppose 0 = 2*s + 3*s - 15, 0 = k + 4*s - 36. Calculate the highest common divisor of 8 and k.
8
Suppose 4*u - 3*h - h - 44 = 0, 0 = -4*u - 2*h + 26. Let q be (10/3 + -2)*6. What is the greatest common divisor of u and q?
8
Let b(d) = -4*d - 10. Let y be b(-10). Calculate the greatest common factor of 6 and y.
6
Let m = -6 - -6. Suppose 5*h + 0*q + q - 87 = m, 3*q - 23 = -h. What is the greatest common factor of h and 85?
17
Let i = -5 - -9. Let r(n) = 5*n**2 - 5*n + 5. Let f be r(i). What is the highest common factor of f and 26?
13
Let b = -6 + 10. Suppose 4*o + 0*o = -j + 13, -7 = -j - 2*o. Calculate the highest common divisor of j and b.
1
Suppose 12 + 13 = -5*c - 5*s, 2*s = 5*c + 46. Let z = 14 + c. What is the highest common divisor of z and 18?
6
Let b(t) = t**2 + 5*t - 12. Let c be b(3). Calculate the greatest common factor of 20 and c.
4
Let g be (4/(-2))/((-4)/40). Suppose 5*k + 0*k = g. Suppose -5*h + k = -66. What is the highest common factor of 70 and h?
14
Let n be 45/10 - (-2)/4. Let b = 0 + n. Suppose 0 = c - 6*c, -b*c + 4 = 4*j. Calculate the highest common divisor of 2 and j.
1
Suppose 0 = -2*t - 0*t - 10, 5*c + t = 0. Calculate the highest common divisor of c and 13.
1
Let z = 11 + -2. Calculate the highest common factor of 54 and z.
9
Suppose 2*y + y = 9. Suppose 0 = -y*d + 6. Suppose -g = -d*g + 36. What is the highest common divisor of 4 and g?
4
Suppose 0 = q + 3*q - w - 20, -4*w = 4*q - 40. What is the highest common divisor of q and 18?
6
Let u(o) = 19*o - 4. Let v = 12 - 6. Let y be -10*(9/v)/(-3). Let n be u(y). What is the greatest common factor of n and 13?
13
Suppose 3*r - 9 - 3 = 0. Let o(k) = k**3 + 2*k**2 - 3*k - 3. Let i be o(-3). Let q be i/(-6) - 31/(-2). What is the greatest common divisor of r and q?
4
Let t(q) = 3*q - 5. Let s be t(7). What is the greatest common divisor of 112 and s?
16
Suppose 4*b = -5*p + 133, -115 = -4*b - b + 4*p. What is the highest common divisor of b and 18?
9
Let i(w) = -w**2 - 6*w + 2. Let g be i(-6). Let p be (-5)/((-5)/2) + 0. Suppose g = p*l - 4. What is the greatest common divisor of l and 9?
3
Let i(c) = -41*c**2 - 5*c + 4. Let g be i(3). Let p be (-1)/3 - g/6. Suppose -12 - 15 = -3*k. Calculate the greatest common factor of p and k.
9
Let y(p) = p**3 - 14*p**2 - 3. Let x be y(14). Let h = x + 9. Calculate the greatest common divisor of h and 54.
6
Let o(q) = 2*q + 56. Let a be o(16). Let p be 10/8*2*2. Suppose -f + 75 = 5*z - p*f, 30 = 5*z + 5*f. What is the greatest common factor of z and a?
11
Let m be (6/(-7))/(1464/294 - 5). What is the greatest common factor of m and 63?
21
Let u be (-4 - -1)*1 + 15 - -2. What is the highest common factor of 56 and u?
14
Suppose -t = 2 - 4. Let n(o) = -2*o**2 - o. Let j be n(2). Let x be -1 - j*3/6. Calculate the highest common factor of x and t.
2
Let z(q) = -7*q. Let w be z(-4). Suppose 283 = -4*k + 8*k + 3*n, n - 141 = -2*k. What is the greatest common divisor of k and w?
14
Let j be 13/(-2) - (-1)/2. Let k(u) = -3*u - 6. Let i be k(-5). Let s = i + j. What is the highest common divisor of 9 and s?
3
Suppose 3*z = -2*w + 9, -2*w - z + 2 + 5 = 0. Suppose 0 = -u - 5, 3*l = 2*l - 3*u - w. Calculate the greatest common factor of 12 and l.
12
Suppose 0 = -m + 6*m - 225. Let h(b) = b**3 - b**2 + 18. Let p be h(0). Suppose -o = -2*o + p. What is the greatest common factor of o and m?
9
Let g(u) = -u**3 + 5*u**2 + 11*u - 4. Let c be g(7). Let x = -11 - c. Suppose 4*t = 3*t + x. What is the highest common factor of t and 112?
14
Suppose -4*s + a - 9 = -120, 4*s + a = 105. Let k(o) = o**2 - 2*o. Let l be k(3). What is the greatest common factor of l and s?
3
Let m(u) = 43*u - 3. Let x(d) = -214*d + 16. Let c(b) = -14*m(b) - 3*x(b). Let l be c(6). What is the highest common factor of l and 26?
26
Let i = -11 + 6. Let u = i - -8. Let k(r) = r + 16. Let z be k(17). Calculate the highest common factor of z and u.
3
Let l be (41 + 4)*(-3)/(-9)*3. Calculate the highest common divisor of 405 and l.
45
Suppose -4*a + 95 = y, -y + 4*y = 3*a - 75. What is the highest common factor of 8 and a?
8
Let r be 1104/36 - 4/6. Let z be ((-1)/2)/((-2)/48). What is the highest common divisor of r and z?
6
Let v be (1*(-2 + 34))/((-1)/(-2)). Calculate the highest common divisor of 32 and v.
32
Suppose 0 = -4*m + 2*m + 70. Calculate the highest common divisor of 5 and m.
5
Suppose 2 = -2*s - 3*k - 1, 13 = 3*s + k. Suppose 4*g = 3*u - 182, -300 + 5 = -5*u + 5*g. Calculate the highest common factor of u and s.
6
Suppose -q - 3 + 8 = 0. Let n be (8 + 37)*(2 - 1). What is the greatest common divisor of n and q?
5
Suppose l - 2 = -l, -2*l + 26 = r. What is the greatest common factor of 16 and r?
8
Let d be 32/20*(2 - -3). What is the highest common factor of d and 64?
8
Let o be 4 - -40 - 6/3. Suppose 54 = 3*m - o. What is the highest common divisor of 80 and m?
16
Suppose 0 = k - 4*k - 3. Let y be (2 - 3) + 1 - k. Let d be (-3)/3 - -3 - 1. What is the highest common divisor of d and y?
1
Suppose -4*i = 0, 2*f - 14 = -3*i + 4*i. Calculate the highest common divisor of 56 and f.
7
Let d(l) = -l + 13. Let r be d(11). Let h be -1 - (r + -622)/4. Suppose 2*q - 22 = q. Calculate the greatest common factor of h and q.
22
Let o = 14 + -10. Suppose o*u - 18 = 18. Suppose -3*c + 18 = -u. Calculate the highest common factor of c and 9.
9
Let x be -1*(-12)/(1 + 3). Suppose 12 = 5*q - 2*l, -x*q - l + 6 - 1 = 0. Calculate the greatest common divisor of 8 and q.
2
Suppose 191 - 891 = -4*k. Let o = k - 98. What is the greatest common divisor of o and 7?
7
Let z = -1 - -4. Let l be ((-2)/4)/(z/(-6)). Calculate the greatest common divisor of 1 and l.
1
Let d be ((-6)/18)/(2/(-18)). Suppose 3*j + 2*i = d*i + 400, -10 = -2*i. Calculate the highest common factor of 15 and j.
15
Let b = -102 + 312. Suppose b = s + s. What is the highest common divisor of 42 and s?
21
Suppose 0 = -3*f - 1 - 5. Let p = f - -8. Calculate the highest common divisor of 66 and p.
6
Let s(w) = -w**2 - 13*w - 1. Let b be s(-6). Suppose 4*i - 2*i = -3*c + 20, 3*c = -5*i + b. Calculate the highest common factor of i and 7.
7
Let d = 6 - 6. Suppose 6*o - o - 140 = d. What is the highest common divisor of 140 and o?
28
Let a be 2/(2/3) - 1. Let w be 4 + 2/((-2)/a). Calculate the greatest common factor of w and 14.
2
Suppose q - 5*h + 7 = -0*h, -6 = -2*h. Calculate the highest common factor of q and 16.
8
Let p be (0 - -177 - -3) + 0. Let z(i) = -i**2 - 4*i - 1. Let g be z(-3). Let d be -5*(16/(-10) - g). What is the greatest common factor of p and d?
18
Let g(n) = -n**3 - 7*n**2 - 2*n - 9. Let a be g(-7). Suppose a*v + 26 = 146. Let k = -29 + 65. What is the highest common divisor of v and k?
12
Let o be -32*2*(-5)/8. Suppose 540 = 8*a + a. What is the highest common factor of a and o?
20
Let k(c) = -2 + 2 + 13*c**2. Let q be k(2). Suppose 25 = -5*a - 0, -5*a - q = -3*d. What is the greatest common divisor of d and 45?
9
Let l be (0 - -14)/(-4 - -6). Let b(d) = d**3 - 7*d**2 + 5*d - 14. Let g be b(l). Calculate the highest common factor of g and 7.
7
Let d(y) = 26*y**2 - 1. Let s be d(-1). Suppose 4*q - 6 = 14. Calculate the greatest common factor of s and q.
5
Let w be ((-6)/8)/(3/(-12)). Let p(m) = m**2 - m + 3. Let u be p(w). What is the highest common factor of 9 and u?
9
Let b(g) = g**3 + 4*g**2 + 3*g - 2. Let y be b(-3). Let z(o) = 1 + 26*o**2 - 4 - 3*o - 8*o**2. Let s be z(y). Calculate the greatest common divisor of s and 30.
15
Let v = 62 - 20. Calculate the highest common divisor of v and 63.
21
Let x(n) = -3*n - 4. Let h be x(-3). Let z = h + -1. Suppose -3*r - 16 = -5*r. Calculate the greatest common divisor of r and z.
4
Suppose 2*y + 0*y - 36 = 0. Let g(f) = 37*f**2 + 1. Let n be g(-1). Suppose -4*b - 11 - 18 = -l, 2*l - 4*b = n. What is the greatest common divisor of y and l?
9
Suppose 2*j + j = 2*c + 31, 38 = 4*j - 2*c. S